415 = 4*g + w. List the prime factors of g.
1103
Suppose 6*y - 51 = 1227. What are the prime factors of y?
3, 71
Let i = -115 + 294. What are the prime factors of i?
179
Suppose -13*h + 8767 - 2345 = 0. What are the prime factors of h?
2, 13, 19
Let n(o) = 3*o**2 + 2*o - 2. Let f = 50 + -27. Let s = f + -21. List the prime factors of n(s).
2, 7
Let d = 93 - 35. Suppose 4*g - 12 + 0 = 0, 0 = 5*y + g - 13. Suppose y*h + 5*x = 3 + 17, -d = -4*h - x. What are the prime factors of h?
3, 5
List the prime factors of ((-92)/(-115))/(2/(-5))*-220.
2, 5, 11
Let t = -28 - -32. What are the prime factors of -2 + t/(-4*1/(-112))?
2, 5, 11
Suppose t + 4*y - 557 = 0, 27*t = 25*t + 3*y + 1158. List the prime factors of t.
3, 191
Let u(k) = -261*k - 1387. List the prime factors of u(-17).
2, 5, 61
Let v be -2 + 3 - (-9)/3. Suppose 1 + 7 = v*z. Let m = z + 24. What are the prime factors of m?
2, 13
Suppose 64 = -4*q - 0*f - 3*f, -4*q = 2*f + 64. Let d = 11 + -15. Let m = d - q. What are the prime factors of m?
2, 3
Suppose 3*p = 2 + 4, 0 = -2*l + 4*p + 398. Suppose f - 47 = c - l, -3*f - 312 = -2*c. What are the prime factors of c?
2, 3, 13
Let t be ((-3321)/6)/(3/6). List the prime factors of ((-4)/(-6))/((-18)/t).
41
Suppose -5 = d + 3. Let j(b) be the third derivative of -b**5/60 - 3*b**4/8 + 7*b**3/6 + b**2. List the prime factors of j(d).
3, 5
Let n = -54 + 53. Let d(a) = -44*a**3 + 3*a**2 + a. List the prime factors of d(n).
2, 23
Let c(k) = -4*k - 2. Let q be c(-6). Suppose -4*h - 14 - q = 3*b, h = -3. List the prime factors of (20/b + -2)*-12.
2, 3
Suppose 3*l + x - 4617 = 0, -l + 1539 + 0 = 2*x. What are the prime factors of l?
3, 19
Let p(r) = -r**2 + 10*r - 1. Let d be p(10). Let j = d + 5. Suppose i = -j*i + 30. List the prime factors of i.
2, 3
Suppose 0 = -m + w, -4*m = 2*w + 2*w - 16. Suppose -m*p - 8 + 32 = 0. What are the prime factors of p?
2, 3
Let k(u) be the third derivative of -u**7/2520 + 7*u**6/120 - u**5/30 + 3*u**2. Let z(j) be the third derivative of k(j). What are the prime factors of z(0)?
2, 3, 7
Suppose -x + 3*x = 144. List the prime factors of x.
2, 3
Suppose -4*x = -f - 0*x + 277, -824 = -3*f + 5*x. What are the prime factors of f?
3, 7, 13
Suppose 2*t - 3*z = 20, 6*t - t - z - 24 = 0. Suppose 29 = a + 5*l - 4, t*a = -2*l + 150. List the prime factors of a.
2, 19
Let s = -335 - -1108. What are the prime factors of s?
773
Let r(z) = -z**2 - 12*z - 6. Let d be r(-11). Suppose -3 = d*k - 8. List the prime factors of (1 + 8)/(k/5).
3, 5
Suppose -5*q + 21 = 4*z, -z + q + 1 = -2*q. What are the prime factors of 177 + z - (-1)/(-1)?
2, 3, 5
Suppose -53359 = -20*x - 4359. What are the prime factors of x?
2, 5, 7
Suppose 2*r - 4*z = 3322, 3*r - 4988 = 7*z - 6*z. List the prime factors of r.
1663
Let n = 37 + -352. What are the prime factors of (n/(-6))/((-3)/(-6)) + -3?
2, 3, 17
Suppose q = -0*q + 18. Let o = 24 - q. List the prime factors of 4 - (0 + -4 + o).
2
Let i be (4 + -4)/((-4)/(-2)). Let f = 18 - -12. Suppose i = -q + f - 3. List the prime factors of q.
3
Let i(q) = 87*q + 2. Let n = -26 - -27. List the prime factors of i(n).
89
Let z = 41 - -7. Suppose 3*b + 3*p = -48, -z - 20 = 4*b + 5*p. Let h = 16 + b. What are the prime factors of h?
2
Let i be 40*(-72)/60*20/(-6). What are the prime factors of ((-9)/(-6))/(5/(i/3))?
2
Let h(a) = 3*a**3 + 9*a**2 - 37*a + 18. List the prime factors of h(6).
2, 3
Suppose -57*g + 56*g = -2860. What are the prime factors of g?
2, 5, 11, 13
Let z(k) = 61*k - 18. What are the prime factors of z(11)?
653
Let a(x) = x**3 - 18*x**2 - 26*x - 5. Let k be a(19). Let u = -71 - k. What are the prime factors of u?
67
Suppose -6*i + 2703 = -4023. What are the prime factors of i?
19, 59
Let f = -449 - -344. Let t = -13 + -15. Let v = t - f. What are the prime factors of v?
7, 11
What are the prime factors of 2/6*(-17)/(119/(-861))?
41
Let x = -118 - -650. List the prime factors of x.
2, 7, 19
Let b(x) = x**3 + 4*x**2 - 13*x + 50. List the prime factors of b(8).
2, 3, 7, 17
Let b(o) = o**2 - o + 1. Let s be (-24)/(-10) - 6/15. Let k(d) = -11*d**2 - d + 2. Let p(c) = s*b(c) - k(c). List the prime factors of p(1).
2, 3
Let y(q) = -q**2 - 10*q. Suppose 5*m + 8 = 5*s - 27, 2*s + 4*m - 14 = 0. Suppose -2 = -5*l - s, 5*k + 30 = -5*l. What are the prime factors of y(k)?
5
Suppose 4*u - 4*z = 4, 36 = -0*u + 4*u + 4*z. Suppose -u*j = -2*j. Suppose 41 = 4*a - 2*m + 13, j = -2*a + 3*m + 22. List the prime factors of a.
5
Let f = -2924 + 4546. What are the prime factors of f?
2, 811
Let j be 9/((-27)/(-6))*1. Suppose -3*k = j*k - 320. List the prime factors of k.
2
Let c = 14 + -9. Let r(n) = 13*n - 5. What are the prime factors of r(c)?
2, 3, 5
Let j = 25 + -11. Suppose 5*y + 12 = -3*g + 57, -y = -4*g + j. Suppose 7*m = y*m + 3. What are the prime factors of m?
3
Let k be (-2224)/56 - (-2)/(-7). Let f = -12 - k. List the prime factors of f.
2, 7
Suppose f = 3*f - x - 6, -4*x + 8 = 0. Let n = 1 + f. List the prime factors of 0 + 26 + n/(-5).
5
Let d = 2126 + 633. What are the prime factors of d?
31, 89
Let t(q) = 119*q + 17. List the prime factors of t(4).
17, 29
Let p = 65 + -62. List the prime factors of p - 296/((-8)/2).
7, 11
Let h(r) = 2*r**2 + 2*r - 5. Let w be ((-3)/(-5))/((-1)/(-10)). List the prime factors of h(w).
79
Suppose -9*h - 34464 = -25*h. List the prime factors of h.
2, 3, 359
Let r(q) = -q**3 - 6*q**2 - q - 6. Let g be r(-6). Suppose g = 2*w - w + 16. What are the prime factors of w*4/((-16)/6)?
2, 3
Let o(j) = -2*j**3 - 110*j**2 - 123*j - 7. What are the prime factors of o(-54)?
11, 73
Let q(j) = -j - 4*j**2 + 3*j**2 + 10*j**2. Let k = 0 + -2. List the prime factors of q(k).
2, 19
Suppose 52*l - 127841 + 1793 = 0. List the prime factors of l.
2, 3, 101
Let y(f) = 3*f**2 + 12*f - 39. Let h be y(16). Suppose 0 = -17*v + h + 4009. List the prime factors of v.
2, 5, 29
Let y(n) = -2*n**3 + 20*n**2 + 5*n - 16. Let u = -125 - -134. List the prime factors of y(u).
191
Suppose 4*k + 7*r = 2*r + 2785, 2*r = -5*k + 3494. List the prime factors of k.
2, 5, 7
Let u(n) = -n**2 - 7*n - 5. Let o be u(-5). What are the prime factors of (-48 - 10/o)/(1/(-2))?
2, 5
Suppose -93 = 3*y + 2*v - 35, 45 = -2*y + 5*v. What are the prime factors of ((y/(-2))/(-5))/((-1)/22)?
2, 11
Let q = 5447 + -2404. List the prime factors of q.
17, 179
Let k(u) be the first derivative of -2/3*u**3 + 1/4*u**4 + 3*u - u**2 - 4. What are the prime factors of k(3)?
2, 3
Let q = 71 + -116. Suppose 216 + 79 = -4*u - 5*z, -2*u + z - 151 = 0. List the prime factors of q/u - 344/(-10).
5, 7
Let d(o) be the second derivative of o**4/12 - 17*o**3/6 + 13*o**2/2 - 14*o. List the prime factors of d(23).
151
Suppose 0 = 11*v - 10259 - 37316. List the prime factors of v.
5, 173
Suppose -5*d = -2*k - 21, k + k = -5*d + 29. Let p(z) = z**3 - 7*z**2 + 5*z + 6. Let l be p(d). Let w = 2 - l. What are the prime factors of w?
3, 7
Suppose 8*c + c = 4455. Suppose -3*d + c = -129. What are the prime factors of d?
2, 13
Let o(i) be the first derivative of i**4/4 + 4*i**3/3 - 3*i**2/2 + 7*i + 29. List the prime factors of o(5).
7, 31
List the prime factors of 8902/6 + 48/(-72).
1483
Suppose 0*j - 19 = -3*j - i, -2*j - 2 = -3*i. Let p be 3/3*j/1. Suppose 15 + 15 = l - t, 152 = p*l - 4*t. List the prime factors of l.
2
Suppose r - 2*v - 3 = -13, 10 = 5*r + 2*v. Let w be (r + 87/(-2))*-2. Let i = w - 59. List the prime factors of i.
2, 7
Let h = 35 - 12. List the prime factors of 0 + (-2)/2 + h.
2, 11
Let k(f) = 31*f**2 - 7*f - 48. List the prime factors of k(-5).
2, 3, 127
Suppose 524 + 486 = 10*v. List the prime factors of v.
101
Suppose 10 = 2*g, 438 = 5*z + 5*g - 1392. What are the prime factors of z?
19
Let n be 2/12 - (-572)/24. Suppose 0 = 2*v - 16 + n. Let g = 42 + v. What are the prime factors of g?
2, 19
Let d(i) = i**2 + 14*i + 3251. What are the prime factors of d(0)?
3251
Suppose -4*n + 3*g + 28 = 6*g, -n - 12 = -4*g. Suppose -28 + 1048 = n*k. Suppose k = 7*l - 2*l. What are the prime factors of l?
3, 17
Let i = 42 - 34. Suppose 0 = 6*r - i*r + 46. List the prime factors of r.
23
List the prime factors of 617 + -1 + 2/((-16)/40).
13, 47
Suppose 28*y = 5*y + 12466. What are the prime factors of y?
2, 271
Let z(d) = -2*d - 33. Let f be z(16). Let n = f 